{"id":10139,"date":"2023-02-15T14:01:44","date_gmt":"2023-02-15T14:01:44","guid":{"rendered":"https:\/\/todoherramientas.com.ar\/?post_type=product&#038;p=10139"},"modified":"2026-04-03T13:31:13","modified_gmt":"2026-04-03T13:31:13","slug":"brikol-alto-transito-10","status":"publish","type":"product","link":"https:\/\/todoherramientas.com.ar\/index.php\/producto\/brikol-alto-transito-10\/","title":{"rendered":"Brikol Pisos Alto Tr\u00e1nsito"},"content":{"rendered":"<p class=\"subtitulo\">Recubrimiento protector para pisos de cemento alisado, lajas y piedras naturales.<\/p>\n<p class=\"subtitulo\">Producto de alta duraci\u00f3n.<\/p>\n<p class=\"subtitulo\">Contiene microperlas antideslizantes brindando un acabado m\u00e1s seguro.<\/p>\n<p class=\"subtitulo\">Protege y realza mediante la formaci\u00f3n de pel\u00edcula de brillo satinado, de r\u00e1pido secado y alta resistencia.<\/p>\n<p>&nbsp;<\/p>\n<p>&nbsp;<\/p>\n","protected":false},"excerpt":{"rendered":"<p>Gris 4 LTS<\/p>\n","protected":false},"featured_media":9875,"template":"","meta":{"_joinchat":[]},"product_brand":[158],"product_cat":[122,129],"product_tag":[],"class_list":{"0":"post-10139","1":"product","2":"type-product","3":"status-publish","4":"has-post-thumbnail","6":"product_brand-brikol","7":"product_cat-impregnantes","8":"product_cat-pinturas","10":"first","11":"instock","12":"taxable","13":"shipping-taxable","14":"purchasable","15":"product-type-simple"},"aioseo_notices":[],"_links":{"self":[{"href":"https:\/\/todoherramientas.com.ar\/index.php\/wp-json\/wp\/v2\/product\/10139","targetHints":{"allow":["GET"]}}],"collection":[{"href":"https:\/\/todoherramientas.com.ar\/index.php\/wp-json\/wp\/v2\/product"}],"about":[{"href":"https:\/\/todoherramientas.com.ar\/index.php\/wp-json\/wp\/v2\/types\/product"}],"version-history":[{"count":3,"href":"https:\/\/todoherramientas.com.ar\/index.php\/wp-json\/wp\/v2\/product\/10139\/revisions"}],"predecessor-version":[{"id":14645,"href":"https:\/\/todoherramientas.com.ar\/index.php\/wp-json\/wp\/v2\/product\/10139\/revisions\/14645"}],"wp:featuredmedia":[{"embeddable":true,"href":"https:\/\/todoherramientas.com.ar\/index.php\/wp-json\/wp\/v2\/media\/9875"}],"wp:attachment":[{"href":"https:\/\/todoherramientas.com.ar\/index.php\/wp-json\/wp\/v2\/media?parent=10139"}],"wp:term":[{"taxonomy":"product_brand","embeddable":true,"href":"https:\/\/todoherramientas.com.ar\/index.php\/wp-json\/wp\/v2\/product_brand?post=10139"},{"taxonomy":"product_cat","embeddable":true,"href":"https:\/\/todoherramientas.com.ar\/index.php\/wp-json\/wp\/v2\/product_cat?post=10139"},{"taxonomy":"product_tag","embeddable":true,"href":"https:\/\/todoherramientas.com.ar\/index.php\/wp-json\/wp\/v2\/product_tag?post=10139"}],"curies":[{"name":"wp","href":"https:\/\/api.w.org\/{rel}","templated":true}]}}