{"id":11280,"date":"2023-05-08T18:24:34","date_gmt":"2023-05-08T18:24:34","guid":{"rendered":"https:\/\/todoherramientas.com.ar\/?post_type=product&#038;p=11280"},"modified":"2026-04-05T17:53:13","modified_gmt":"2026-04-05T17:53:13","slug":"pinza-pico-de-loro-6","status":"publish","type":"product","link":"https:\/\/todoherramientas.com.ar\/index.php\/producto\/pinza-pico-de-loro-6\/","title":{"rendered":"Pinza pico de loro"},"content":{"rendered":"<p dir=\"ltr\">Articulaci\u00f3n con cremallera.<\/p>\n<p dir=\"ltr\">Terminaci\u00f3n niquelada. Material de acero al carbono.<\/p>\n<p dir=\"ltr\">Apertura m\u00e1xima de 45mm con 6 posiciones. Mangos con aislaci\u00f3n pl\u00e1stica sumergida.<\/p>\n<p dir=\"ltr\">Alta fuerza de sujeci\u00f3n, bocas paralelas de ajuste perfecto.<\/p>\n","protected":false},"excerpt":{"rendered":"<p>10\u2033 \/ 250 MM<\/p>\n","protected":false},"featured_media":12379,"template":"","meta":{"_joinchat":[]},"product_brand":[152],"product_cat":[115,48],"product_tag":[],"class_list":{"0":"post-11280","1":"product","2":"type-product","3":"status-publish","4":"has-post-thumbnail","6":"product_brand-mota","7":"product_cat-alicates","8":"product_cat-herramientas-manuales","10":"first","11":"instock","12":"taxable","13":"shipping-taxable","14":"purchasable","15":"product-type-simple"},"aioseo_notices":[],"_links":{"self":[{"href":"https:\/\/todoherramientas.com.ar\/index.php\/wp-json\/wp\/v2\/product\/11280","targetHints":{"allow":["GET"]}}],"collection":[{"href":"https:\/\/todoherramientas.com.ar\/index.php\/wp-json\/wp\/v2\/product"}],"about":[{"href":"https:\/\/todoherramientas.com.ar\/index.php\/wp-json\/wp\/v2\/types\/product"}],"version-history":[{"count":4,"href":"https:\/\/todoherramientas.com.ar\/index.php\/wp-json\/wp\/v2\/product\/11280\/revisions"}],"predecessor-version":[{"id":14300,"href":"https:\/\/todoherramientas.com.ar\/index.php\/wp-json\/wp\/v2\/product\/11280\/revisions\/14300"}],"wp:featuredmedia":[{"embeddable":true,"href":"https:\/\/todoherramientas.com.ar\/index.php\/wp-json\/wp\/v2\/media\/12379"}],"wp:attachment":[{"href":"https:\/\/todoherramientas.com.ar\/index.php\/wp-json\/wp\/v2\/media?parent=11280"}],"wp:term":[{"taxonomy":"product_brand","embeddable":true,"href":"https:\/\/todoherramientas.com.ar\/index.php\/wp-json\/wp\/v2\/product_brand?post=11280"},{"taxonomy":"product_cat","embeddable":true,"href":"https:\/\/todoherramientas.com.ar\/index.php\/wp-json\/wp\/v2\/product_cat?post=11280"},{"taxonomy":"product_tag","embeddable":true,"href":"https:\/\/todoherramientas.com.ar\/index.php\/wp-json\/wp\/v2\/product_tag?post=11280"}],"curies":[{"name":"wp","href":"https:\/\/api.w.org\/{rel}","templated":true}]}}