{"id":15299,"date":"2025-11-12T19:39:11","date_gmt":"2025-11-12T19:39:11","guid":{"rendered":"https:\/\/todoherramientas.com.ar\/?post_type=product&#038;p=15299"},"modified":"2026-04-05T17:53:07","modified_gmt":"2026-04-05T17:53:07","slug":"sellador-membramota-3","status":"publish","type":"product","link":"https:\/\/todoherramientas.com.ar\/index.php\/producto\/sellador-membramota-3\/","title":{"rendered":"Sellador Membramota"},"content":{"rendered":"<p>Sellador r\u00e1pido de filtraciones y grietas. Producto a base de caucho.<\/p>\n<p>Para uso en todo tipo de techos, membranas y canaletas, as\u00ed como juntas en ba\u00f1os, cocinas y ventanas.<\/p>\n<p>Aplicable en hormig\u00f3n, cemento, sanitarios, mesadas, chapas, cer\u00e1micos y pl\u00e1sticos.<\/p>\n<p>C\u00e1nula incorporada a la v\u00e1lvula.<\/p>\n","protected":false},"excerpt":{"rendered":"<p>Gris 450 ML<\/p>\n","protected":false},"featured_media":15244,"template":"","meta":{"_joinchat":[]},"product_brand":[152],"product_cat":[106,105],"product_tag":[],"class_list":{"0":"post-15299","1":"product","2":"type-product","3":"status-publish","4":"has-post-thumbnail","6":"product_brand-mota","7":"product_cat-aerosoles-lubrimota-artmota-limpiacontactos","8":"product_cat-insumos-herramientas","10":"first","11":"instock","12":"taxable","13":"shipping-taxable","14":"purchasable","15":"product-type-simple"},"aioseo_notices":[],"_links":{"self":[{"href":"https:\/\/todoherramientas.com.ar\/index.php\/wp-json\/wp\/v2\/product\/15299","targetHints":{"allow":["GET"]}}],"collection":[{"href":"https:\/\/todoherramientas.com.ar\/index.php\/wp-json\/wp\/v2\/product"}],"about":[{"href":"https:\/\/todoherramientas.com.ar\/index.php\/wp-json\/wp\/v2\/types\/product"}],"version-history":[{"count":1,"href":"https:\/\/todoherramientas.com.ar\/index.php\/wp-json\/wp\/v2\/product\/15299\/revisions"}],"predecessor-version":[{"id":15300,"href":"https:\/\/todoherramientas.com.ar\/index.php\/wp-json\/wp\/v2\/product\/15299\/revisions\/15300"}],"wp:featuredmedia":[{"embeddable":true,"href":"https:\/\/todoherramientas.com.ar\/index.php\/wp-json\/wp\/v2\/media\/15244"}],"wp:attachment":[{"href":"https:\/\/todoherramientas.com.ar\/index.php\/wp-json\/wp\/v2\/media?parent=15299"}],"wp:term":[{"taxonomy":"product_brand","embeddable":true,"href":"https:\/\/todoherramientas.com.ar\/index.php\/wp-json\/wp\/v2\/product_brand?post=15299"},{"taxonomy":"product_cat","embeddable":true,"href":"https:\/\/todoherramientas.com.ar\/index.php\/wp-json\/wp\/v2\/product_cat?post=15299"},{"taxonomy":"product_tag","embeddable":true,"href":"https:\/\/todoherramientas.com.ar\/index.php\/wp-json\/wp\/v2\/product_tag?post=15299"}],"curies":[{"name":"wp","href":"https:\/\/api.w.org\/{rel}","templated":true}]}}