{"id":15370,"date":"2025-11-19T12:52:28","date_gmt":"2025-11-19T12:52:28","guid":{"rendered":"https:\/\/todoherramientas.com.ar\/?post_type=product&#038;p=15370"},"modified":"2026-04-05T01:07:46","modified_gmt":"2026-04-05T01:07:46","slug":"atornillador-inalambrico-de-impacto-1-4-brushless-2","status":"publish","type":"product","link":"https:\/\/todoherramientas.com.ar\/index.php\/producto\/atornillador-inalambrico-de-impacto-1-4-brushless-2\/","title":{"rendered":"Atornillador inal\u00e1mbrico de impacto 1\/4&#8243; Brushless"},"content":{"rendered":"<p>Velocidad sin carga: 0-1600\/0-2600 rpm.<\/p>\n<p>Tasa de impacto: 0-2100\/0-2900 gpm.<\/p>\n<p>Motor Brushless (sin carbones). Luz led integrada e indicador led de bater\u00eda.<\/p>\n<p>Presentaci\u00f3n en malet\u00edn pl\u00e1stico que incluye 2 puntas dobles de atornillador, 3 vasos hexagonales, 2 bater\u00edas de 2A y un cargador de 2A.<\/p>\n","protected":false},"excerpt":{"rendered":"<p>285 NM \/ 20 V<\/p>\n","protected":false},"featured_media":15354,"template":"","meta":{"_joinchat":[]},"product_brand":[153],"product_cat":[160,103],"product_tag":[],"class_list":{"0":"post-15370","1":"product","2":"type-product","3":"status-publish","4":"has-post-thumbnail","6":"product_brand-total","7":"product_cat-a-bateria","8":"product_cat-herramientas-electricas","10":"first","11":"instock","12":"taxable","13":"shipping-taxable","14":"purchasable","15":"product-type-simple"},"aioseo_notices":[],"_links":{"self":[{"href":"https:\/\/todoherramientas.com.ar\/index.php\/wp-json\/wp\/v2\/product\/15370","targetHints":{"allow":["GET"]}}],"collection":[{"href":"https:\/\/todoherramientas.com.ar\/index.php\/wp-json\/wp\/v2\/product"}],"about":[{"href":"https:\/\/todoherramientas.com.ar\/index.php\/wp-json\/wp\/v2\/types\/product"}],"version-history":[{"count":1,"href":"https:\/\/todoherramientas.com.ar\/index.php\/wp-json\/wp\/v2\/product\/15370\/revisions"}],"predecessor-version":[{"id":15371,"href":"https:\/\/todoherramientas.com.ar\/index.php\/wp-json\/wp\/v2\/product\/15370\/revisions\/15371"}],"wp:featuredmedia":[{"embeddable":true,"href":"https:\/\/todoherramientas.com.ar\/index.php\/wp-json\/wp\/v2\/media\/15354"}],"wp:attachment":[{"href":"https:\/\/todoherramientas.com.ar\/index.php\/wp-json\/wp\/v2\/media?parent=15370"}],"wp:term":[{"taxonomy":"product_brand","embeddable":true,"href":"https:\/\/todoherramientas.com.ar\/index.php\/wp-json\/wp\/v2\/product_brand?post=15370"},{"taxonomy":"product_cat","embeddable":true,"href":"https:\/\/todoherramientas.com.ar\/index.php\/wp-json\/wp\/v2\/product_cat?post=15370"},{"taxonomy":"product_tag","embeddable":true,"href":"https:\/\/todoherramientas.com.ar\/index.php\/wp-json\/wp\/v2\/product_tag?post=15370"}],"curies":[{"name":"wp","href":"https:\/\/api.w.org\/{rel}","templated":true}]}}