{"id":15776,"date":"2026-03-23T23:33:20","date_gmt":"2026-03-23T23:33:20","guid":{"rendered":"https:\/\/todoherramientas.com.ar\/?post_type=product&#038;p=15776"},"modified":"2026-04-03T00:22:20","modified_gmt":"2026-04-03T00:22:20","slug":"duralba-techos-total-2","status":"publish","type":"product","link":"https:\/\/todoherramientas.com.ar\/index.php\/producto\/duralba-techos-total-2\/","title":{"rendered":"Duralba Techos Total"},"content":{"rendered":"<p>Membrana Impermeabilizante para techos. Posee muy buena adherencia sobre hormig\u00f3n, tejuelas, revoque, chapa galvanizada, ladrillo, bloques, baldosas absorbentes y membranas asf\u00e1lticas.<\/p>\n<p>Al secar forma una membrana protectora impermeable, de gran adherencia, manteniendo una excelente elasticidad con el paso del tiempo y evitando la filtraci\u00f3n de agua.<\/p>\n<p>Su f\u00f3rmula con Expancel contiene micro-esferas que reflejan los rayos solares de forma eficiente reduciendo la absorci\u00f3n de radiaci\u00f3n infrarroja y permitiendo la disminuci\u00f3n de la temperatura en el interior del ambiente.<\/p>\n<p>Resistente a la acci\u00f3n de agentes atmosf\u00e9ricos y evita el crecimiento de algas y hongos.<\/p>\n","protected":false},"excerpt":{"rendered":"<p>Blanco 20 KGS<\/p>\n","protected":false},"featured_media":15770,"template":"","meta":{"_joinchat":[]},"product_brand":[156],"product_cat":[131,129],"product_tag":[],"class_list":{"0":"post-15776","1":"product","2":"type-product","3":"status-publish","4":"has-post-thumbnail","6":"product_brand-alba","7":"product_cat-exterior","8":"product_cat-pinturas","10":"first","11":"instock","12":"taxable","13":"shipping-taxable","14":"purchasable","15":"product-type-simple"},"aioseo_notices":[],"_links":{"self":[{"href":"https:\/\/todoherramientas.com.ar\/index.php\/wp-json\/wp\/v2\/product\/15776","targetHints":{"allow":["GET"]}}],"collection":[{"href":"https:\/\/todoherramientas.com.ar\/index.php\/wp-json\/wp\/v2\/product"}],"about":[{"href":"https:\/\/todoherramientas.com.ar\/index.php\/wp-json\/wp\/v2\/types\/product"}],"version-history":[{"count":1,"href":"https:\/\/todoherramientas.com.ar\/index.php\/wp-json\/wp\/v2\/product\/15776\/revisions"}],"predecessor-version":[{"id":15777,"href":"https:\/\/todoherramientas.com.ar\/index.php\/wp-json\/wp\/v2\/product\/15776\/revisions\/15777"}],"wp:featuredmedia":[{"embeddable":true,"href":"https:\/\/todoherramientas.com.ar\/index.php\/wp-json\/wp\/v2\/media\/15770"}],"wp:attachment":[{"href":"https:\/\/todoherramientas.com.ar\/index.php\/wp-json\/wp\/v2\/media?parent=15776"}],"wp:term":[{"taxonomy":"product_brand","embeddable":true,"href":"https:\/\/todoherramientas.com.ar\/index.php\/wp-json\/wp\/v2\/product_brand?post=15776"},{"taxonomy":"product_cat","embeddable":true,"href":"https:\/\/todoherramientas.com.ar\/index.php\/wp-json\/wp\/v2\/product_cat?post=15776"},{"taxonomy":"product_tag","embeddable":true,"href":"https:\/\/todoherramientas.com.ar\/index.php\/wp-json\/wp\/v2\/product_tag?post=15776"}],"curies":[{"name":"wp","href":"https:\/\/api.w.org\/{rel}","templated":true}]}}