{"id":15862,"date":"2026-04-04T17:55:16","date_gmt":"2026-04-04T17:55:16","guid":{"rendered":"https:\/\/todoherramientas.com.ar\/?post_type=product&#038;p=15862"},"modified":"2026-04-04T18:42:22","modified_gmt":"2026-04-04T18:42:22","slug":"ventosa-vibradora-para-baldosas-2","status":"publish","type":"product","link":"https:\/\/todoherramientas.com.ar\/index.php\/producto\/ventosa-vibradora-para-baldosas-2\/","title":{"rendered":"Ventosa vibradora para baldosas"},"content":{"rendered":"<p>Dise\u00f1o ergon\u00f3mico para mejor manejo y control de vibraci\u00f3n regulable.<\/p>\n<p>Ideal para colocadores de cer\u00e1micos, baldosas y porcelanatos, tanto en obras como en reformas, que buscan mayor precisi\u00f3n, rapidez y calidad de terminaci\u00f3n.<\/p>\n<p>Frecuencia de vibraci\u00f3n: 0-10000 rpm. Tama\u00f1o de la ventosa: 130 mm (5&#8243;). Capacidad de absorci\u00f3n: 50 kgs<\/p>\n<p>Presentaci\u00f3n en caja pl\u00e1stica, incluye bater\u00eda 2A, cargador 1.8A, par de rodilleras, juego de separadores y niveladores para cer\u00e1micos, juego de cu\u00f1as\/insertos para nivelador.<\/p>\n<p>&nbsp;<\/p>\n","protected":false},"excerpt":{"rendered":"<p>130 MM \/ 20 V<\/p>\n","protected":false},"featured_media":15865,"template":"","meta":{"_joinchat":[]},"product_brand":[154],"product_cat":[160,103],"product_tag":[],"class_list":{"0":"post-15862","1":"product","2":"type-product","3":"status-publish","4":"has-post-thumbnail","6":"product_brand-dyllu","7":"product_cat-a-bateria","8":"product_cat-herramientas-electricas","10":"first","11":"instock","12":"taxable","13":"shipping-taxable","14":"purchasable","15":"product-type-simple"},"aioseo_notices":[],"_links":{"self":[{"href":"https:\/\/todoherramientas.com.ar\/index.php\/wp-json\/wp\/v2\/product\/15862","targetHints":{"allow":["GET"]}}],"collection":[{"href":"https:\/\/todoherramientas.com.ar\/index.php\/wp-json\/wp\/v2\/product"}],"about":[{"href":"https:\/\/todoherramientas.com.ar\/index.php\/wp-json\/wp\/v2\/types\/product"}],"version-history":[{"count":1,"href":"https:\/\/todoherramientas.com.ar\/index.php\/wp-json\/wp\/v2\/product\/15862\/revisions"}],"predecessor-version":[{"id":15863,"href":"https:\/\/todoherramientas.com.ar\/index.php\/wp-json\/wp\/v2\/product\/15862\/revisions\/15863"}],"wp:featuredmedia":[{"embeddable":true,"href":"https:\/\/todoherramientas.com.ar\/index.php\/wp-json\/wp\/v2\/media\/15865"}],"wp:attachment":[{"href":"https:\/\/todoherramientas.com.ar\/index.php\/wp-json\/wp\/v2\/media?parent=15862"}],"wp:term":[{"taxonomy":"product_brand","embeddable":true,"href":"https:\/\/todoherramientas.com.ar\/index.php\/wp-json\/wp\/v2\/product_brand?post=15862"},{"taxonomy":"product_cat","embeddable":true,"href":"https:\/\/todoherramientas.com.ar\/index.php\/wp-json\/wp\/v2\/product_cat?post=15862"},{"taxonomy":"product_tag","embeddable":true,"href":"https:\/\/todoherramientas.com.ar\/index.php\/wp-json\/wp\/v2\/product_tag?post=15862"}],"curies":[{"name":"wp","href":"https:\/\/api.w.org\/{rel}","templated":true}]}}