{"id":9319,"date":"2022-09-21T22:24:12","date_gmt":"2022-09-21T22:24:12","guid":{"rendered":"https:\/\/todoherramientas.com.ar\/?post_type=product&#038;p=9319"},"modified":"2026-04-05T01:07:46","modified_gmt":"2026-04-05T01:07:46","slug":"cargador-de-bateria","status":"publish","type":"product","link":"https:\/\/todoherramientas.com.ar\/index.php\/producto\/cargador-de-bateria\/","title":{"rendered":"Cargador de bater\u00eda"},"content":{"rendered":"<p>Cargador r\u00e1pido para bater\u00eda de litio 20V 2A<\/p>\n<p>Apto para todas las herramientas inal\u00e1mbricas 20V marca Total.<\/p>\n<p>Indicador led de carga.<\/p>\n","protected":false},"excerpt":{"rendered":"<p>20 V \/ 2 A<\/p>\n","protected":false},"featured_media":14763,"template":"","meta":{"_joinchat":[]},"product_brand":[153],"product_cat":[160,103],"product_tag":[],"class_list":{"0":"post-9319","1":"product","2":"type-product","3":"status-publish","4":"has-post-thumbnail","6":"product_brand-total","7":"product_cat-a-bateria","8":"product_cat-herramientas-electricas","10":"first","11":"instock","12":"taxable","13":"shipping-taxable","14":"purchasable","15":"product-type-simple"},"aioseo_notices":[],"_links":{"self":[{"href":"https:\/\/todoherramientas.com.ar\/index.php\/wp-json\/wp\/v2\/product\/9319","targetHints":{"allow":["GET"]}}],"collection":[{"href":"https:\/\/todoherramientas.com.ar\/index.php\/wp-json\/wp\/v2\/product"}],"about":[{"href":"https:\/\/todoherramientas.com.ar\/index.php\/wp-json\/wp\/v2\/types\/product"}],"version-history":[{"count":4,"href":"https:\/\/todoherramientas.com.ar\/index.php\/wp-json\/wp\/v2\/product\/9319\/revisions"}],"predecessor-version":[{"id":14768,"href":"https:\/\/todoherramientas.com.ar\/index.php\/wp-json\/wp\/v2\/product\/9319\/revisions\/14768"}],"wp:featuredmedia":[{"embeddable":true,"href":"https:\/\/todoherramientas.com.ar\/index.php\/wp-json\/wp\/v2\/media\/14763"}],"wp:attachment":[{"href":"https:\/\/todoherramientas.com.ar\/index.php\/wp-json\/wp\/v2\/media?parent=9319"}],"wp:term":[{"taxonomy":"product_brand","embeddable":true,"href":"https:\/\/todoherramientas.com.ar\/index.php\/wp-json\/wp\/v2\/product_brand?post=9319"},{"taxonomy":"product_cat","embeddable":true,"href":"https:\/\/todoherramientas.com.ar\/index.php\/wp-json\/wp\/v2\/product_cat?post=9319"},{"taxonomy":"product_tag","embeddable":true,"href":"https:\/\/todoherramientas.com.ar\/index.php\/wp-json\/wp\/v2\/product_tag?post=9319"}],"curies":[{"name":"wp","href":"https:\/\/api.w.org\/{rel}","templated":true}]}}