{"id":9385,"date":"2022-09-24T13:15:26","date_gmt":"2022-09-24T13:15:26","guid":{"rendered":"https:\/\/todoherramientas.com.ar\/?post_type=product&#038;p=9385"},"modified":"2026-04-05T17:53:12","modified_gmt":"2026-04-05T17:53:12","slug":"pinza-universal-2","status":"publish","type":"product","link":"https:\/\/todoherramientas.com.ar\/index.php\/producto\/pinza-universal-2\/","title":{"rendered":"Pinza universal"},"content":{"rendered":"<p>Mangos ergon\u00f3micos de aislaci\u00f3n pesada en pl\u00e1sticos compuestos.<\/p>\n<p>Dise\u00f1ado para usos m\u00faltiples y trabajos generales.<\/p>\n<p>Durable y resistente al desgaste.<\/p>\n<p>Fabricada en acero cromo vanadio. Terminaci\u00f3n niquelada y pulida.<\/p>\n","protected":false},"excerpt":{"rendered":"<p>8&#8243; \/ 200 MM<\/p>\n","protected":false},"featured_media":9460,"template":"","meta":{"_joinchat":[]},"product_brand":[152],"product_cat":[115,48],"product_tag":[],"class_list":{"0":"post-9385","1":"product","2":"type-product","3":"status-publish","4":"has-post-thumbnail","6":"product_brand-mota","7":"product_cat-alicates","8":"product_cat-herramientas-manuales","10":"first","11":"instock","12":"taxable","13":"shipping-taxable","14":"purchasable","15":"product-type-simple"},"aioseo_notices":[],"_links":{"self":[{"href":"https:\/\/todoherramientas.com.ar\/index.php\/wp-json\/wp\/v2\/product\/9385","targetHints":{"allow":["GET"]}}],"collection":[{"href":"https:\/\/todoherramientas.com.ar\/index.php\/wp-json\/wp\/v2\/product"}],"about":[{"href":"https:\/\/todoherramientas.com.ar\/index.php\/wp-json\/wp\/v2\/types\/product"}],"version-history":[{"count":4,"href":"https:\/\/todoherramientas.com.ar\/index.php\/wp-json\/wp\/v2\/product\/9385\/revisions"}],"predecessor-version":[{"id":14746,"href":"https:\/\/todoherramientas.com.ar\/index.php\/wp-json\/wp\/v2\/product\/9385\/revisions\/14746"}],"wp:featuredmedia":[{"embeddable":true,"href":"https:\/\/todoherramientas.com.ar\/index.php\/wp-json\/wp\/v2\/media\/9460"}],"wp:attachment":[{"href":"https:\/\/todoherramientas.com.ar\/index.php\/wp-json\/wp\/v2\/media?parent=9385"}],"wp:term":[{"taxonomy":"product_brand","embeddable":true,"href":"https:\/\/todoherramientas.com.ar\/index.php\/wp-json\/wp\/v2\/product_brand?post=9385"},{"taxonomy":"product_cat","embeddable":true,"href":"https:\/\/todoherramientas.com.ar\/index.php\/wp-json\/wp\/v2\/product_cat?post=9385"},{"taxonomy":"product_tag","embeddable":true,"href":"https:\/\/todoherramientas.com.ar\/index.php\/wp-json\/wp\/v2\/product_tag?post=9385"}],"curies":[{"name":"wp","href":"https:\/\/api.w.org\/{rel}","templated":true}]}}